ime factors of z.
11
Let q(v) = -30*v - 9. Let u(n) = 15*n + 5. Let f(a) = -3*q(a) - 5*u(a). What are the prime factors of f(2)?
2
Let x = 29 + -17. What are the prime factors of x/48 + (-87)/(-4)?
2, 11
Let b = 8 - 8. Suppose b = 3*o + 2*o. Suppose o = k - 2*k + 12. List the prime factors of k.
2, 3
Suppose 3*h = 5*k + 2*h + 29, -h = -k - 9. Let p be 2/k + 112/5. Let g = p - 16. What are the prime factors of g?
2, 3
Let h = -20 + 12. Let a = 7 + -12. Let j = a - h. List the prime factors of j.
3
Suppose -2*q - 6 = q. Let u(w) = w**2 - 3*w + 2. Let v be u(4). What are the prime factors of 30/v - (q - -1)?
2, 3
List the prime factors of (21/35)/(1/10).
2, 3
Let o(g) = 5*g**2 - 2*g - 2. Let w be o(2). Suppose -4*u - w = -2*h - 0*h, 0 = -5*h + 2*u + 67. What are the prime factors of h?
3, 5
List the prime factors of (-4)/12 - (-1145)/15.
2, 19
Let b be (1 - 0 - -2) + 0. Suppose -4*x + 4*o = -8, x - 18 = -0*o - b*o. What are the prime factors of x?
2, 3
Let b(d) = -d**3 - 4*d**2 - 24*d + 1. What are the prime factors of b(-4)?
97
Let k(s) = 2*s - 12. Suppose -18 = -x - 2*t, -2*x = -2*t - 6 - 0. Let r be k(x). What are the prime factors of 30/r - (-4)/(-8)?
7
Let d(o) = 6*o**3 + 5*o**2 + 5*o - 12. Let b(c) = -7*c**3 - 6*c**2 - 6*c + 13. Let m(x) = -5*b(x) - 6*d(x). What are the prime factors of m(0)?
7
Suppose 0 = 4*q - 3 - 5. Suppose -4*x = -3*d + x, -q*d - x = 0. Suppose -v + 14 = -2*w, d*w - 44 = -4*v + 5*w. List the prime factors of v.
2, 3
Let c = 42 - -6. Suppose -4*f + c = -12. What are the prime factors of f?
3, 5
Let w(y) = -y**2 - y - 8. Let t be w(0). List the prime factors of 2/t + (-39)/(-12).
3
Let q be ((-4)/(-6))/(6/18). Suppose -s - s - 2 = -4*b, b + 7 = 3*s. Let c = q + s. List the prime factors of c.
5
Let v = 0 - 2. Let h be v - -4 - (0 + 1). List the prime factors of h/((14/12)/7).
2, 3
Suppose -3*a - 15 + 0 = 0, -m + 5*a = -28. Let g(p) = -8*p + 1. Let o be g(m). Let s = -11 - o. What are the prime factors of s?
2, 3
Let h(l) be the third derivative of -11*l**4/24 - l**3/6 + 11*l**2. List the prime factors of h(-5).
2, 3
Suppose 191 = 3*j - 4*k, -4*j - 4*k = k - 234. List the prime factors of j.
61
What are the prime factors of -2*1 + (12 - (-2 - -6))?
2, 3
Let f = 229 + -95. What are the prime factors of f?
2, 67
Let z be 24 - 2/((-6)/3). Let j be (0 - 0) + (-88)/(-2). Suppose -f + 4*s = -z, f - j = 5*s - 14. What are the prime factors of f?
5
Suppose -c + 32 = 3*c. Let m(n) = -c*n + 9*n + 5*n + 10*n. What are the prime factors of m(1)?
2
Suppose -2*h = 7 - 27. Let s = 17 - h. List the prime factors of s.
7
Suppose 3*f - z = 41 + 12, -1 = -z. What are the prime factors of f?
2, 3
Suppose -4 = -4*b - 0. Suppose 4 + b = a - 4*v, -a - 5*v = -41. What are the prime factors of a?
3, 7
Suppose 0*a + 4 = a. Suppose f = a*f - 15. Suppose 45 = 5*c - x - 2*x, f = -x. List the prime factors of c.
2, 3
Suppose -3*v = -4*v + 183. What are the prime factors of v?
3, 61
Let t(j) = -5*j**2 - 1. Let u be t(-1). What are the prime factors of 1/(-3) + (-14)/u?
2
Let c = -6 - -26. What are the prime factors of (-1 + 2)*(c - -1)?
3, 7
Suppose i - 58 = -14. Let x(a) = -3*a**2 + 2*a + 2. Let f be x(-3). Let g = i + f. What are the prime factors of g?
13
Let j = -110 - -104. Let i = -13 - -31. Let b = i + j. List the prime factors of b.
2, 3
Let a be 16*((-30)/4)/5. Let c = -16 - a. What are the prime factors of c?
2
Suppose 0 = 8*k - 94 - 10. List the prime factors of k.
13
Suppose -2*p - b = -25, 2 = b - 1. What are the prime factors of p?
11
Let m(g) = g**3 - 8*g**2 + 8*g - 4. Let v be m(7). Suppose 3*j + 9 = 2*j - v*n, n - 5 = -3*j. What are the prime factors of j?
3
Let h = -361 - -563. List the prime factors of h.
2, 101
Let t be 6/(((-15)/(-4))/5). Suppose -3*f = -f - t. Suppose -4*d - 2*z = -34, 0 = -5*d + 5*z + f + 46. What are the prime factors of d?
3
Suppose 11 = 4*n - 25. Let a(w) = -w**3 + 9*w**2 + 2*w - 13. What are the prime factors of a(n)?
5
Suppose -4*a - 3*h - h + 352 = 0, 0 = -2*a - h + 172. List the prime factors of a.
2, 3, 7
Let p(g) = g**2 - 4*g - 9. Suppose -3*i - 16 = 5*r, 2*i - r + 6*r = -19. Suppose -3*a - i*x + 30 = 0, 7*x - 4*x + 26 = 5*a. What are the prime factors of p(a)?
2, 3
Let s(u) = -u + 3. Let q be s(0). Suppose q*n + 0*n + 57 = 3*p, -2*p + 32 = 4*n. List the prime factors of p.
2, 3
Let q(g) be the third derivative of g**6/120 + g**5/15 + g**4/24 - g**3/2 + 2*g**2. Let l be q(-3). What are the prime factors of (-2)/l*-3 + 7?
3
Let k(t) = 5*t**2 + 4*t + 9. List the prime factors of k(-3).
2, 3, 7
Suppose 4*x + x = 175. What are the prime factors of x?
5, 7
Suppose 0 = -3*q - v + 67, 33 = -3*q + 4*q + 3*v. What are the prime factors of q?
3, 7
Suppose -2*b + 10 = -0*b. Suppose 5*i + 0*o - b*o = -120, 0 = -2*i + 4*o - 52. List the prime factors of i/(-4) - (-1)/(-2).
5
Let c be ((-56)/5)/(1/5). Let s = c - -79. List the prime factors of s.
23
Suppose 12 + 10 = w. List the prime factors of w.
2, 11
Let b(n) = -18*n**3. Let x = 18 - 26. Let y = 7 + x. List the prime factors of b(y).
2, 3
Let s(t) = 11*t + 2. What are the prime factors of s(2)?
2, 3
Suppose 3*j - 22 = 5*t + 11, 0 = -5*j - t + 83. Let d be 626/10 + j/40. Suppose 5*l + 3*q - d = 16, 5*q = 5*l - 55. List the prime factors of l.
2, 7
Suppose -d = -3*x - 19, d + 2*x - 38 = -d. List the prime factors of d.
19
Let v be (6/(-12))/(2/(-100)). List the prime factors of -1 + 5 + -3 + v.
2, 13
Suppose -z - 14 = -2*z. What are the prime factors of (-456)/(-84) - (-8)/z?
2, 3
Suppose -3*o = 3*b - 189, -4*o = -4*b + 2*b + 96. List the prime factors of b.
2, 29
Let i = 4 + -3. Suppose i = 2*b - 25. Suppose b = 3*r - 2. List the prime factors of r.
5
Let l(u) = u**2 + 1. Let g be l(-2). Suppose -g*s + 3*y = -21, 3*s - y = 2*y + 15. Suppose -v = s*v - 12. What are the prime factors of v?
3
Suppose 2*q - q - 4*t - 79 = 0, 4*q + 5*t - 316 = 0. List the prime factors of q.
79
Suppose -2*k = -0*k - 30. Let y be (-1)/(-3) + 56/21. What are the prime factors of 5/k - (-20)/y?
7
Suppose -w = -3*w + 54. List the prime factors of w.
3
Let v(g) = -g**3 + 7*g**2 + g - 4. Let w(z) = 5*z**2 + 2*z - 1. Let b be w(1). List the prime factors of v(b).
2, 19
Suppose 2*z = 4*h + 88, -5*h + 9 - 53 = -z. List the prime factors of z.
2, 11
Suppose -5*r - k = -8, 0*r = -4*r - 4*k. Suppose 12 = -5*o + o + r*x, -4*o + 4*x = 16. List the prime factors of (0 - -1)/(o/(-20)).
2, 5
Let r(t) = 8*t + 4*t + 4*t - 12*t + 6. List the prime factors of r(6).
2, 3, 5
Suppose -2*n = 4*c + 36, 0*c - 32 = 5*c - 4*n. What are the prime factors of (c/(-3))/(6/45)?
2, 5
Let j be 300/(-51) + 4/(-34). Suppose -5*x + 4*b = -100, 2*x - 5*b - 24 = 16. Let t = x + j. List the prime factors of t.
2, 7
Let f be (-29)/(-4) + 3/(-12). Let t = 11 - f. What are the prime factors of t?
2
Let p(b) = -b**2 - 3*b - 3. Let j be p(-7). What are the prime factors of (3 + j/7)*-7?
2, 5
Suppose -23 = 3*q - 4*q. Suppose 0*u + j = u - q, -3*j + 99 = 5*u. What are the prime factors of u?
3, 7
Let c(u) = -u**3 - u**2 + 4. Let t = 4 + -4. Let j be c(t). Let l(h) = h**2 - 3*h - 1. What are the prime factors of l(j)?
3
List the prime factors of ((-44)/(-6))/(6 - 80/15).
11
Let n(v) = v**3 - 2*v**2 + v + 47. List the prime factors of n(0).
47
Let x(o) be the second derivative of o**3/6 - 7*o**2/2 + o. Let c be x(6). List the prime factors of (c + 2)/((-3)/(-21)).
7
Suppose 4*z - z = 3. List the prime factors of ((-6)/z)/(2/(-3)).
3
Let f(r) = -r**3 - 3*r**2 - 2. Let j be f(-4). Let l be (-90)/21*-1*j. Suppose 5*k - l = -4*h, -h + 6 = -2*k + 30. What are the prime factors of k?
2, 3
What are the prime factors of ((-190)/(-20))/(-2*(-1)/44)?
11, 19
Let x(m) be the second derivative of -m**5/10 + m**4/6 + m**3/3 - 3*m**2/2 + 2*m. Let l be x(-3). List the prime factors of l/4 - (-15)/(-20).
3, 5
List the prime factors of 3/18 - 7889/(-42).
2, 47
Let x = 13 + -6. Let g(f) = 3*f**2 + f**3 - 5*f**2 + 7*f**2 + x + f. List the prime factors of g(-5).
2
Let a(q) = -q**2 - 3*q + 2. Let c be a(-3). Let k = -1 - c. What are the prime factors of 6/3 - 1*k?
5
Let c(z) = -z**2 - 13*z - 4. Let s be c(-11). Let f = s + -5. List the prime factors of f.
13
Let f(q) = q**2 + 5*q - 5. Suppose 2*n + l - 27 = 6*n, -5*n - l - 27 = 0. Let t be f(n). Suppose